test common factor of 80 and x.
16
Let a be (-3*3)/((-6)/8). Suppose 3*x - 4*r = 344, -5*r + 380 = -0*x + 3*x. Calculate the highest common factor of x and a.
12
Suppose 5*d + 4*h - 584 = d, -2*h - 10 = 0. Suppose -p = -d + 34. Calculate the highest common factor of p and 13.
13
Let a(c) = 8*c**2 + 4*c - 3. Let g(k) = -7*k**2 - 4*k + 3. Let x(w) = -3*a(w) - 4*g(w). Let d be x(3). What is the greatest common factor of 15 and d?
15
Let b be (-6)/10*-5 + 9. What is the highest common factor of 108 and b?
12
Let k(a) = a**3 + 7*a**2 + 6*a + 2. Let f be k(-6). Suppose -2*c + f = -0*t + 2*t, 2*t + 2 = 0. What is the highest common divisor of c and 6?
2
Let p = -977 + 635. Let z = -133 - p. Calculate the greatest common factor of z and 19.
19
Let j(q) = 3*q**2 + 4 - 4 - 1 + 3*q + q. Let s be j(-5). What is the greatest common factor of s and 6?
6
Let j be (-2 - 46)*(-14 + 9). Calculate the highest common factor of 30 and j.
30
Let a = -44 + 82. Let j = -5 - -6. Let n be 94 + ((-2)/(-1) - j). What is the greatest common divisor of n and a?
19
Let l(u) be the second derivative of u**4/12 + 21*u**2 - u. Let c be l(0). Calculate the greatest common divisor of 6 and c.
6
Let l = -75 + 86. What is the highest common factor of l and 33?
11
Let p be 1/(-4) - (-1875)/12. Suppose 0*d = -3*d + p. Let a = 28 - 15. Calculate the highest common factor of d and a.
13
Let y(g) = -g**3 - 3*g**2 + 2*g - 2. Let r be y(-4). What is the highest common factor of r and 6?
6
Let s = 52 - 99. Let d = -86 - s. Let x = -25 - d. What is the greatest common divisor of x and 42?
14
Suppose -32 = -2*j + 3*r, -3*j + 0*r + 3*r + 48 = 0. What is the greatest common divisor of 48 and j?
16
Suppose 0 = 4*t - 4*i - 56, 5*i - 18 = -2*t + 2*i. Suppose 10 = 4*p - 22. What is the highest common divisor of p and t?
4
Let w(o) = -7*o + 4. Let d be w(-5). Let t = d + -6. What is the highest common divisor of 3 and t?
3
Let o(b) = 10*b + 19. Let h be o(14). Suppose -h = -2*l + 39. Let j(s) = s**2 + 4*s + 4. Let m be j(-5). What is the greatest common factor of l and m?
9
Suppose 3*k = 4*s + 15 + 90, 2*k - 70 = -3*s. What is the highest common factor of k and 15?
5
Let o(y) = 14*y - 4. Let g be o(6). Suppose 0 = -2*l - 1 + 41. What is the highest common divisor of l and g?
20
Let b = -15 - 6. Let u = b + 44. Suppose 3*x - 19 = -3*c - 4, 0 = 5*x + 4*c - u. Calculate the greatest common divisor of 1 and x.
1
Let x be 17 + -1 + 1 + -1. Suppose 3*o = -0*o + 6. Suppose o*k - k = 16. What is the greatest common factor of x and k?
16
Let i = -11 - -28. Calculate the greatest common divisor of i and 136.
17
Let a = 24 + 12. What is the greatest common factor of a and 12?
12
Let z = 1 - 4. Let v = 4 - 4. Let a = v - z. What is the greatest common factor of a and 12?
3
Let u be (8/(-28))/(5/(-35)). Calculate the highest common factor of u and 2.
2
Let b = 16 + -13. Calculate the highest common divisor of b and 33.
3
Suppose 0 = -5*l + 2*z + 29, -2*z = 2*l + z - 23. Let h be (-8 - 0)/((-2)/l). Calculate the greatest common divisor of 4 and h.
4
Suppose -3*f = f - 180. What is the greatest common divisor of 9 and f?
9
Let g(n) = n**2 + 14*n + 17. Let y be g(-13). Suppose 5*d = -y*l + 37 + 20, -3*l + 9 = 0. Calculate the greatest common factor of 36 and d.
9
Let t be (-1)/(-4) - 274/8. Let r = t + 55. What is the greatest common factor of 42 and r?
21
Let l(d) = 2*d**2 + 7*d. Let j be l(-7). Let p be (-1)/(-3) + (-124)/12. Let a = p - -17. Calculate the greatest common factor of j and a.
7
Let q be (144/84)/(-2*(-1)/42). Let h be (-5 + 3)*(-1)/(-2). Let x be (-6)/15*(h + -59). Calculate the greatest common factor of x and q.
12
Suppose -9*w = -4*w - 105. Let y be 3*(-2)/15*-35. Calculate the greatest common divisor of w and y.
7
Suppose 2 = -2*s + 16. Suppose 4*o = -5*q + 29, 5*q - 2*o - 13 = 2*q. Suppose -2*n = -q*n + 105. What is the greatest common divisor of s and n?
7
Suppose 5*z + 5*q = 25, -2*z + 5*q + 7 = z. Suppose z = t + 1. What is the greatest common divisor of 2 and t?
1
Let o(l) = -l**2 - 6*l + 6. Let j be o(-5). Let f = 2 + 0. Let a be 118 - (3 + f*-3). Calculate the highest common factor of j and a.
11
Let z = -43 + 53. What is the greatest common factor of 40 and z?
10
Let c(u) = -u**2 - u + 10. Let r be c(0). Let t(z) = 2*z**3 + 6*z**2 + 4*z + 2. Let p be t(-2). Calculate the greatest common factor of r and p.
2
Let b = 58 - -5. Calculate the greatest common factor of b and 7.
7
Let q = -5 - -6. Let t be 5/q + (-6)/(-6). Calculate the greatest common factor of 30 and t.
6
Suppose 7*m - 180 = 3*m. Let a(u) = -u**3 + 6*u**2 - 4*u + 4. Let q be a(5). What is the highest common factor of m and q?
9
Suppose 4*a - 3*w = 100, 3*a - 2*w - 59 - 15 = 0. What is the greatest common factor of 22 and a?
22
Let a = -1 - -3. Suppose -a*p = p. Suppose -2*i - 2*x + 18 = p, 3*i + x = 4*i - 19. Calculate the highest common divisor of 2 and i.
2
Let h(k) = k**2 + 7*k - 6. Let w be h(6). Let s be 14/35 - (2 - 248/5). Calculate the greatest common factor of s and w.
24
Let s be (-36)/(-8)*(-2)/(-3). Suppose 3*h + 243 = 8*h + s*m, -3*h = 3*m - 147. Suppose 1 = 3*d - 17. Calculate the greatest common divisor of h and d.
6
Suppose -3*o + 42 = j, 2*o - 3*j - 27 = 12. Let y be (7/(21/(-18)))/(-1). What is the highest common divisor of y and o?
3
Let i be (-6 - 17/(-3))*-84. Let b be -24*(-28)/(-18)*-3. What is the highest common divisor of b and i?
28
Let i(n) = -n**2 - 6*n + 1. Let q be i(-5). What is the highest common divisor of q and 1?
1
Suppose 0 = -y - 4*y + 10. Let t be 1 - -3 - (y + -3). Suppose h + h = 4*m - 216, h = 2. Calculate the greatest common factor of t and m.
5
Let b = -707 + 1402. Suppose 5*v = -5*k + b, 2 = -2*k - 8. Suppose -3*i + 86 = 5*z, 3*z - 48 = 3*i - 6. Calculate the highest common divisor of v and z.
16
Let t be 2/4*(8 + 2). Suppose 5*v - 35 = 3*z, 4*v = -0*v + t*z + 41. Calculate the greatest common factor of 44 and v.
4
Suppose 3*u - 10 = 8. Let g be -3 - ((-3)/(-1) + -68). Let p be 1 - -2 - (-1 - g). What is the greatest common factor of u and p?
6
Let b be 2/5 + 48/5. Suppose z + 0*z - 95 = 2*r, 0 = 5*r - b. Calculate the highest common divisor of 11 and z.
11
Suppose -3*m = 3*s - 48, 11 + 1 = m + 5*s. Let k(y) = 5*y**2 - 8*y + 13. Let u be k(3). What is the greatest common factor of u and m?
17
Let y be (-2219)/(-63) + (-4)/18. What is the highest common factor of 5 and y?
5
Let v be ((-2)/4)/(3/(-144)). Suppose -o - v = -134. Calculate the highest common divisor of 44 and o.
22
Let b be 2 + 0 + -2 + 54. What is the greatest common factor of b and 36?
18
Let p = 5 + -9. Let q(y) = y**2 - 4. Let s(z) = z**2 - z - 3. Let v(u) = p*s(u) + 3*q(u). Let t be v(3). Calculate the highest common factor of 3 and t.
3
Let a be (0 - 2)/(0 - 2). Let r be (-3)/(38/44 - a). What is the greatest common divisor of r and 11?
11
Let s = -111 + 191. Calculate the greatest common factor of s and 10.
10
Let o = 31 - 45. Let u = 125 + -76. Let t = o + u. What is the greatest common divisor of 5 and t?
5
Suppose 0 = -4*c - 3*p + 31 + 109, c + 4*p - 35 = 0. Let r = 18 - 11. Let f = r + -2. Calculate the greatest common factor of f and c.
5
Let n = -9 - 23. Let i = -16 - n. What is the greatest common factor of i and 176?
16
Let k be (-1)/(1/(-3)) + 1. Let s(d) = 2 - 5 + k*d - 1. Let y be s(5). What is the greatest common factor of 40 and y?
8
Let u(y) = -y**3 - y + 72. Let w be (-1)/4 - 3/(-12). Let c be u(w). Calculate the greatest common divisor of c and 18.
18
Suppose 2*b = -3*f + 11, -2*b - f = b + 1. Let z be 143/26 + (-1)/b. Calculate the greatest common factor of z and 48.
6
Let t(y) = -y**2 - 8*y - 3. Let f be t(-13). Suppose 2*z + 2 = 0, -5*a = 3*z - 5*z + 203. Let j = a - f. What is the highest common factor of 9 and j?
9
Let o(c) = c - 18. Let v be o(0). Suppose 3*g = 3*q, -4*g = -q + 4*q + 28. Let p be g/v - 75/(-27). What is the highest common divisor of 12 and p?
3
Let x = 107 + -73. What is the highest common factor of x and 17?
17
Let y = 0 + 10. Calculate the greatest common factor of y and 25.
5
Let o be (-294)/(-4) + 4/(-8). Let z = o + -13. Calculate the highest common factor of z and 6.
6
Let h = 83 - 40. Suppose -q + h = -48. Calculate the highest common factor of q and 13.
13
Let 